r?
False
Is 1417300061 prime?
False
Is 1573795973 composite?
True
Is 1564117591 composite?
True
Is 533030449 a prime number?
False
Is 13261879087 composite?
False
Is 187928727449 a composite number?
True
Is 50229932239 a prime number?
False
Is 17136214897 prime?
False
Is 5512546267 a composite number?
True
Is 4384522877 prime?
False
Is 226997468153 prime?
False
Is 2756991763 a prime number?
True
Is 75864559 composite?
True
Is 1560440509 a prime number?
False
Is 14917687709 prime?
True
Is 27548610391 a prime number?
False
Is 1235715577 composite?
False
Is 726339745 prime?
False
Is 5612406703 composite?
False
Is 1165401653 a prime number?
False
Is 504492293 prime?
False
Is 390669557 composite?
True
Is 1277250389 composite?
True
Is 5470467293 prime?
True
Is 44943665551 a composite number?
False
Is 6258530413 a prime number?
True
Is 130055987 a composite number?
False
Is 3678853709 a prime number?
True
Is 7156714681 a composite number?
True
Is 76997761733 a composite number?
True
Is 687013427 a prime number?
False
Is 1768898393 a prime number?
True
Is 145713973 a prime number?
True
Is 929424937 composite?
True
Is 26263563439 prime?
True
Is 43830727063 a prime number?
False
Is 2464086827 a composite number?
False
Is 2363739485 prime?
False
Is 501003445 composite?
True
Is 54566731787 a composite number?
True
Is 3444452567 a prime number?
True
Is 4062411403 a composite number?
True
Is 5869482461 composite?
False
Is 711866657 a prime number?
True
Is 2927746013 composite?
True
Is 5913093689 a composite number?
False
Is 37339691 a prime number?
True
Is 613184291 composite?
False
Is 23276634047 a composite number?
False
Is 431126359 composite?
True
Is 20836789843 composite?
False
Is 1529357353 a composite number?
False
Is 438594053 prime?
False
Is 68189080699 prime?
False
Is 25755773959 prime?
False
Is 101871291703 prime?
True
Is 3334556671 prime?
True
Is 1297548479 a composite number?
True
Is 10137434783 a prime number?
False
Is 3959806511 prime?
False
Is 252729457 a composite number?
False
Is 2293779361 a composite number?
True
Is 17775097 prime?
True
Is 2281957519 prime?
True
Is 1234951559 a composite number?
True
Is 377890327 a prime number?
True
Is 136857753811 a prime number?
False
Is 224663671 prime?
False
Is 4367654281 prime?
False
Is 10021784847 composite?
True
Is 444221059 a prime number?
True
Is 119430079 a prime number?
False
Is 5563340723 composite?
True
Is 760288901 a composite number?
False
Is 45613531 a composite number?
True
Is 3271854823 a prime number?
False
Is 2074989779 a prime number?
True
Is 196182029957 a composite number?
False
Is 15664840519 a composite number?
True
Is 3300944863 composite?
True
Is 2070098769 composite?
True
Is 7677441985 a prime number?
False
Is 366597353 composite?
True
Is 7809524339 a prime number?
True
Is 2420363783 prime?
False
Is 2487205607 composite?
True
Is 555466613 a composite number?
True
Is 90539864549 composite?
False
Is 75985949023 a prime number?
False
Is 35756875451 a composite number?
True
Is 17506889293 prime?
False
Is 593256221 a prime number?
False
Is 1959460417 a prime number?
True
Is 2063258671 composite?
True
Is 425354837 composite?
False
Is 38457340795 a composite number?
True
Is 1102645183 a prime number?
False
Is 644927159 a prime number?
False
Is 89716931 a prime number?
True
Is 1000878611 a prime number?
False
Is 16478283131 a prime number?
True
Is 1089253853 composite?
False
Is 959873935 a prime number?
False
Is 577574927 a prime number?
False
Is 5503824713 prime?
True
Is 8247327983 prime?
True
Is 5078600227 a composite number?
False
Is 616196383 prime?
False
Is 12465092219 a prime number?
False
Is 3949822202 composite?
True
Is 2354597417 composite?
True
Is 715166095427 a prime number?
False
Is 921901351 prime?
False
Is 4231988029 composite?
False
Is 4352549 prime?
False
Is 453220673 a prime number?
True
Is 543393971 a composite number?
False
Is 14311541411 composite?
True
Is 4941049467 a composite number?
True
Is 7249255493 a prime number?
True
Is 922579249 a prime number?
True
Is 2815743047 a composite number?
True
Is 1546926127 a prime number?
True
Is 680844409 composite?
True
Is 800807339 a prime number?
True
Is 762264973 a prime number?
False
Is 6224480051 composite?
False
Is 18773487391 a prime number?
False
Is 891755873 composite?
False
Is 3575899819 composite?
False
Is 1084399033 prime?
True
Is 4398732563 a prime number?
True
Is 2746397909 a composite number?
False
Is 6451041133 a composite number?
False
Is 3009087365 prime?
False
Is 115149327581 prime?
False
Is 443004823 a prime number?
False
Is 4291813957 composite?
False
Is 861452287 prime?
True
Is 45077129759 a composite number?
True
Is 4202921857 a prime number?
False
Is 3850887827 composite?
True
Is 128371543871 composite?
True
Is 10912983559 a prime number?
False
Is 181753523 a composite number?
True
Is 2017990921 prime?
True
Is 20580543989 prime?
False
Is 3080969447 composite?
True
Is 18470587871 a prime number?
False
Is 2217846529 a composite number?
True
Is 1412815247 prime?
False
Is 20249604863 a composite number?
True
Is 47194009274 composite?
True
Is 35093759533 a prime number?
False
Is 2998625471 a prime number?
True
Is 8651821439 a composite number?
False
Is 34128505519 a prime number?
True
Is 566106265 composite?
True
Is 25792136089 a prime number?
False
Is 7692778165 prime?
False
Is 4127600167 a composite number?
False
Is 15602998321 a composite number?
False
Is 14922489581 a prime number?
False
Is 29638110691 prime?
False
Is 13704598379 a composite number?
False
Is 393162505 a prime number?
False
Is 6046449499 a prime number?
True
Is 1692160447 composite?
False
Is 2177239502 a composite number?
True
Is 18163976651 a composite number?
False
Is 5080564237 prime?
False
Is 28068674983 a prime number?
True
Is 1526071399 composite?
False
Is 3769831069 prime?
False
Is 3468965653 composite?
False
Is 1104743033 a prime number?
False
Is 11531921851 prime?
True
Is 43179391537 prime?
True
Is 3955791799 a prime number?
True
Is 2714140523 composite?
True
Is 303787241 prime?
False
Is 798399221 a composite number?
False
Is 322348867 a composite number?
False
Is 24046790587 composite?
False
Is 19547321 prime?
True
Is 591761113 a prime number?
False
Is 22243558178 prime?
False
Is 2359075699 a prime number?
True
Is 13473985243 composite?
False
Is 40062929 a composite number?
False
Is 72658115729 a prime number?
True
Is 1653877471 prime?
True
Is 20424015362 prime?
False
Is 11389514057 a prime number?
False
Is 15596163713 a prime number?
False
Is 49730998883 prime?
False
Is 1459848359 a prime number?
True
Is 4428655177 a composite number?
True
Is 2736255185 composite?
True
Is 2321785799 composite?
False
Is 4012597753 composite?
True
Is 73547365873 a prime number?
True
Is 142908986953 composite?
False
Is 185191483 prime?
False
Is 1415445199 a composite number?
True
Is 96694643 a composite number?
True
Is 553209953 a composite number?
False
Is 701800831 prime?
True
Is 5617546097 a composite number?
True
Is 157448653 composite?
True
Is 2097086177 a prime number?
False
Is 4014807889 prime?
False
Is 9832847 composite?
False
Is 570673183 a prime number?
True
Is 4041348611 prime?
False
Is 6098529053 prime?
True
Is 2350332443 composite?
False
Is 1040682451 prime?
False
Is 3660976471 a prime number?
False
Is 3867802231 prime?
False
Is 3990014491 a composite number?
True
Is 22801403593 a prime number?
True
Is 5714103611 a prime number?
False
Is 13122078721 a composite number?
True
Is 1018622923 a composite number?
False
Is 709588889 prime?
False
Is 2702774731 a composite number?
True
Is 33821896315 a composite number?
True
Is 33545754895 a prime number?
False
Is 9978291205 a composite number?
True
Is 4107525013 a composite number?
True
Is 4886745167 a prime number?
False
Is 51198953 prime?
False
Is 52054845497 prime?
True
Is 14274653941 composite?
False
Is 912021659 a prime number?
True
Is 24984536069 composite?
True
Is 6154082219 prime?
False
Is 2538284191 composite?
True
Is 888841061 a composite number?
False
Is 8252836769 composite?
False
Is 108390092203 prime?
False
Is 6655984303 a composite number?
False
Is 2314314053 prime?
True
Is 7542675539 a prime number?
False
Is 3202360717 prime?
False
Is 460859657 a composite number?
Fals